{"id":26,"date":"2017-01-19T14:00:20","date_gmt":"2017-01-19T14:00:20","guid":{"rendered":"http:\/\/sw-themes.com\/porto_dummy\/?page_id=26"},"modified":"2021-05-12T07:44:51","modified_gmt":"2021-05-12T05:44:51","slug":"contact-us","status":"publish","type":"page","link":"https:\/\/www.cns-pl.eu\/?page_id=26","title":{"rendered":"Kontakt"},"content":{"rendered":"<div class=\"wpb-content-wrapper\"><p>[vc_row full_width=&#8221;stretch_row_content_no_spaces&#8221;][vc_column][vc_row_inner][vc_column_inner][vc_column_text]<\/p>\n<table border=\"0\" width=\"100%\" cellspacing=\"10\" cellpadding=\"0\">\n<tbody>\n<tr>\n<td width=\"100%\">\n<table border=\"0\" width=\"100%\" cellpadding=\"0\">\n<tbody>\n<tr>\n<td valign=\"top\" width=\"100%\"><b>Handel i Marketing<\/b><br \/>\nFax +41 367 04 19<\/p>\n<blockquote><p><b>Kierownik<\/b> +41 367 04 10, <a class=\"mail\" href=\"mailto:handel@cns-pl.eu\">handel@cns-pl.eu<\/a><br \/>\n<b>Handlowcy<\/b> +41 367 04 14 do 18, 41\/ 367 04 56 do 58<\/p><\/blockquote>\n<p><b>Zakupy<\/b><br \/>\nFax +41 367 04 69<\/p>\n<blockquote><p><b>Kierownik<\/b>\u00a041\/ 367 04 60,\u00a0<a class=\"mail\" href=\"mailto:zakupy@cns-pl.eu\">zakupy@cns-pl.eu<\/a><\/p><\/blockquote>\n<p><b>Finanse<\/b><br \/>\nFax +41 \/ 367 04 09<\/p>\n<blockquote><p><b>Kierownik<\/b> +41 367 04 52, <a class=\"mail\" href=\"mailto:finanse@cns-pl.eu\">finanse@cns-pl.eu<\/a><\/p><\/blockquote>\n<p><b>Zarz\u0105dzanie Jako\u015bci\u0105\/Zarz\u0105dzanie \u015arodowiskowe<\/b><br \/>\nFax +41 367 04 09<\/p>\n<blockquote><p><b>Kierownik<\/b> +41 367 04 27, <a class=\"mail\" href=\"mailto:jakosc@cns-pl.eu\">jakosc@cns-pl.eu<\/a>,\u00a0<a class=\"mail\" href=\"mailto:srodowisko@cns-pl.eu\">srodowisko@cns-pl.eu<\/a><\/p><\/blockquote>\n<p><b>Zasoby Ludzkie<\/b><br \/>\nFax +41 367 04 09<\/p>\n<blockquote><p><b>Kierownik<\/b> +41 367 04 54, <a class=\"mail\" href=\"mailto:kadry@cns-pl.eu\">kadry@cns-pl.eu<\/a><\/p><\/blockquote>\n<p><b>Rozw\u00f3j Techniczny<\/b><br \/>\nFax +41 367 04 09<\/p>\n<blockquote><p><b>Kierownik<\/b> +41 367 04 40, <a class=\"mail\" href=\"mailto:rozwoj@cns-pl.eu\">rozwoj@cns-pl.eu<\/a><\/p><\/blockquote>\n<p><b>Technologia<\/b><br \/>\nFax +41 367 04 09<\/p>\n<blockquote><p><b>Kierownik<\/b> +41 367 04 80, <a class=\"mail\" href=\"mailto:technologia@cns-pl.eu\">technologia@cns-pl.eu<\/a><\/p><\/blockquote>\n<p><b>Infrastruktura<\/b><br \/>\nFax +41 367 04 09<\/p>\n<blockquote><p><b>Kierownik<\/b> +41 367 04 05, <a class=\"mail\" href=\"mailto:infrastuktura@cns-pl.eu\">infrastruktura@cns-pl.eu<\/a><\/p><\/blockquote>\n<p><b>Produkcja<\/b><br \/>\nFax +41 367 04 09<\/p>\n<blockquote><p><b>Kierownik<\/b> +41 367 04 20,\u00a0<a class=\"mail\" href=\"mailto:produkcja@cns-pl.eu\">produkcja@cns-pl.eu<\/a><\/p><\/blockquote>\n<p><b>Koszty<\/b><br \/>\nFax +41 367 04 09<\/p>\n<blockquote><p><b>Kierownik<\/b> +41 374 54 51, <a class=\"mail\" href=\"mailto:koszty@cns-pl.eu\">koszty@cns-pl.eu<\/a><\/p><\/blockquote>\n<\/td>\n<\/tr>\n<\/tbody>\n<\/table>\n<\/td>\n<\/tr>\n<\/tbody>\n<\/table>\n<p>[\/vc_column_text][\/vc_column_inner][\/vc_row_inner][\/vc_column][\/vc_row][vc_row][vc_column][vc_gmaps link=&#8221;#E-8_JTNDaWZyYW1lJTIwc3JjJTNEJTIyaHR0cHMlM0ElMkYlMkZ3d3cuZ29vZ2xlLmNvbSUyRm1hcHMlMkZlbWJlZCUzRnBiJTNEJTIxMW0xNCUyMTFtMTIlMjExbTMlMjExZDQ0NS4xNDE4NDQ1NjY0MzY5JTIxMmQyMC42MDkxMjY0MzUwNTAyNTMlMjEzZDUwLjg2NjMwMTQ4NDI4NjkyJTIxMm0zJTIxMWYwJTIxMmYwJTIxM2YwJTIxM20yJTIxMWkxMDI0JTIxMmk3NjglMjE0ZjEzLjElMjE1ZTAlMjEzbTIlMjExc3BsJTIxMnNwbCUyMTR2MTU2ODIyNzc1MjA1MiUyMTVtMiUyMTFzcGwlMjEyc3BsJTIyJTIwd2lkdGglM0QlMjI4MDAlMjIlMjBoZWlnaHQlM0QlMjI2MDAlMjIlMjBmcmFtZWJvcmRlciUzRCUyMjAlMjIlMjBzdHlsZSUzRCUyMmJvcmRlciUzQTAlM0IlMjIlMjBhbGxvd2Z1bGxzY3JlZW4lM0QlMjIlMjIlM0UlM0MlMkZpZnJhbWUlM0U=&#8221;][\/vc_column][\/vc_row]<\/p>\n<\/div>","protected":false},"excerpt":{"rendered":"<p>[vc_row full_width=&#8221;stretch_row_content_no_spaces&#8221;][vc_column][vc_row_inner][vc_column_inner][vc_column_text] Handel i Marketing Fax +41 367 04 19 Kierownik +41 367 04 10, handel@cns-pl.eu Handlowcy +41 367 04 14 do 18, 41\/ 367 04 56 do 58 Zakupy Fax +41 367 04 69 Kierownik\u00a041\/ 367 04 60,\u00a0zakupy@cns-pl.eu Finanse Fax +41 \/ 367 04 09 Kierownik +41 367 04 52, finanse@cns-pl.eu Zarz\u0105dzanie Jako\u015bci\u0105\/Zarz\u0105dzanie \u015arodowiskowe [&hellip;]<\/p>\n","protected":false},"author":1,"featured_media":0,"parent":0,"menu_order":0,"comment_status":"closed","ping_status":"closed","template":"","meta":{"footnotes":""},"class_list":["post-26","page","type-page","status-publish","hentry"],"_links":{"self":[{"href":"https:\/\/www.cns-pl.eu\/index.php?rest_route=\/wp\/v2\/pages\/26","targetHints":{"allow":["GET"]}}],"collection":[{"href":"https:\/\/www.cns-pl.eu\/index.php?rest_route=\/wp\/v2\/pages"}],"about":[{"href":"https:\/\/www.cns-pl.eu\/index.php?rest_route=\/wp\/v2\/types\/page"}],"author":[{"embeddable":true,"href":"https:\/\/www.cns-pl.eu\/index.php?rest_route=\/wp\/v2\/users\/1"}],"replies":[{"embeddable":true,"href":"https:\/\/www.cns-pl.eu\/index.php?rest_route=%2Fwp%2Fv2%2Fcomments&post=26"}],"version-history":[{"count":18,"href":"https:\/\/www.cns-pl.eu\/index.php?rest_route=\/wp\/v2\/pages\/26\/revisions"}],"predecessor-version":[{"id":877,"href":"https:\/\/www.cns-pl.eu\/index.php?rest_route=\/wp\/v2\/pages\/26\/revisions\/877"}],"wp:attachment":[{"href":"https:\/\/www.cns-pl.eu\/index.php?rest_route=%2Fwp%2Fv2%2Fmedia&parent=26"}],"curies":[{"name":"wp","href":"https:\/\/api.w.org\/{rel}","templated":true}]}}