{"id":577,"date":"2019-09-11T19:59:50","date_gmt":"2019-09-11T17:59:50","guid":{"rendered":"http:\/\/xzopaoq.cluster020.hosting.ovh.net\/?page_id=577"},"modified":"2019-09-11T19:59:50","modified_gmt":"2019-09-11T17:59:50","slug":"oferta","status":"publish","type":"page","link":"https:\/\/www.cns-pl.eu\/?page_id=577","title":{"rendered":"Oferta"},"content":{"rendered":"<div class=\"wpb-content-wrapper\"><p>[vc_row][vc_column][vc_column_text]<\/p>\n<table border=\"0\" width=\"100%\" cellspacing=\"10\" cellpadding=\"0\">\n<tbody>\n<tr>\n<td><b>Narz\u0119dzia i oprzyrz\u0105dowanie do kucia<\/b><\/p>\n<ul>\n<li>narz\u0119dzia (matryce, stemple, wyrzutniki) do kucia na prasach typu Hatebur i Sakamura<\/li>\n<li>narz\u0119dzia napawane stellitem<\/li>\n<li>oprzyrz\u0105dowanie technologiczne pras do kucia na gor\u0105co<\/li>\n<\/ul>\n<\/td>\n<td align=\"center\" width=\"150\"><\/td>\n<\/tr>\n<tr>\n<td><b>Oprzyrz\u0105dowanie i narz\u0119dzia do obr\u00f3bki tokarskiej<\/b><\/p>\n<ul>\n<li>no\u017ce kszta\u0142towe ze stali szybkotn\u0105cej lub z w\u0119glik\u00f3w spiekanych<\/li>\n<li>no\u017ce z wk\u0142adk\u0105 z w\u0119glik\u00f3w spiekanych<\/li>\n<li>p\u0142ytki skrawaj\u0105ce profilowe z w\u0119glik\u00f3w spiekanych<\/li>\n<li>tuleje zaciskowe automat\u00f3w tokarskich<\/li>\n<li>oprzyrz\u0105dowanie technologiczne automat\u00f3w tokarskich jednowrzecionowych i wielowrzecionowych<\/li>\n<li>oprzyrz\u0105dowanie linii tokarskich<\/li>\n<\/ul>\n<\/td>\n<td align=\"center\" width=\"150\"><\/td>\n<\/tr>\n<tr>\n<td><b>Oprzyrz\u0105dowanie do obr\u00f3bki szlifierskiej<\/b><\/p>\n<ul>\n<li>oprzyrz\u0105dowanie technologiczne szlifierek (zabieraki, p\u0142yty, listwy) stalowe<br \/>\nlub z wk\u0142adkami z w\u0119glik\u00f3w spiekanych<\/li>\n<li>oprzyrz\u0105dowanie linii szlifierskich<\/li>\n<\/ul>\n<\/td>\n<td align=\"center\" width=\"150\"><\/td>\n<\/tr>\n<tr>\n<td><b>Narz\u0119dzia i oprzyrz\u0105dowanie do monta\u017cu<\/b><\/p>\n<ul>\n<li>przyrz\u0105dy monta\u017cowe<\/li>\n<li>cz\u0119sci wymienne przyrz\u0105d\u00f3w monta\u017cowych<\/li>\n<li>oprzyrz\u0105dowanie linii monta\u017cowych<\/li>\n<\/ul>\n<\/td>\n<td align=\"center\" width=\"150\"><\/td>\n<\/tr>\n<tr>\n<td><b>Oprzyrz\u0105dowanie i narz\u0119dzia do obr\u00f3bki plastycznej<\/b><\/p>\n<ul>\n<li>t\u0142oczniki<\/li>\n<li>cz\u0119\u015bci wymienne t\u0142ocznik\u00f3w ze stali lub z w\u0119glik\u00f3w spiekanych<\/li>\n<li>oprzyrz\u0105dowanie technologiczne pras do obr\u00f3bki plastycznej<\/li>\n<\/ul>\n<\/td>\n<td align=\"center\" width=\"150\"><\/td>\n<\/tr>\n<tr>\n<td><b>Narz\u0119dzia i oprzyrz\u0105dowanie pomiarowe<\/b><\/p>\n<ul>\n<li>wzorce walcowe i pier\u015bcieniowe<\/li>\n<li>sprawdziany kszta\u0142towe<\/li>\n<li>przyrz\u0105dy pomiarowe<\/li>\n<li>cz\u0119sci wymienne przyrz\u0105d\u00f3w pomiarowych<\/li>\n<\/ul>\n<\/td>\n<\/tr>\n<\/tbody>\n<\/table>\n<p>[\/vc_column_text][\/vc_column][\/vc_row]<\/p>\n<\/div>","protected":false},"excerpt":{"rendered":"<p>[vc_row][vc_column][vc_column_text] Narz\u0119dzia i oprzyrz\u0105dowanie do kucia narz\u0119dzia (matryce, stemple, wyrzutniki) do kucia na prasach typu Hatebur i Sakamura narz\u0119dzia napawane stellitem oprzyrz\u0105dowanie technologiczne pras do kucia na gor\u0105co Oprzyrz\u0105dowanie i narz\u0119dzia do obr\u00f3bki tokarskiej no\u017ce kszta\u0142towe ze stali szybkotn\u0105cej lub z w\u0119glik\u00f3w spiekanych no\u017ce z wk\u0142adk\u0105 z w\u0119glik\u00f3w spiekanych p\u0142ytki skrawaj\u0105ce profilowe z w\u0119glik\u00f3w spiekanych [&hellip;]<\/p>\n","protected":false},"author":1,"featured_media":0,"parent":0,"menu_order":0,"comment_status":"closed","ping_status":"closed","template":"","meta":{"footnotes":""},"class_list":["post-577","page","type-page","status-publish","hentry"],"_links":{"self":[{"href":"https:\/\/www.cns-pl.eu\/index.php?rest_route=\/wp\/v2\/pages\/577","targetHints":{"allow":["GET"]}}],"collection":[{"href":"https:\/\/www.cns-pl.eu\/index.php?rest_route=\/wp\/v2\/pages"}],"about":[{"href":"https:\/\/www.cns-pl.eu\/index.php?rest_route=\/wp\/v2\/types\/page"}],"author":[{"embeddable":true,"href":"https:\/\/www.cns-pl.eu\/index.php?rest_route=\/wp\/v2\/users\/1"}],"replies":[{"embeddable":true,"href":"https:\/\/www.cns-pl.eu\/index.php?rest_route=%2Fwp%2Fv2%2Fcomments&post=577"}],"version-history":[{"count":2,"href":"https:\/\/www.cns-pl.eu\/index.php?rest_route=\/wp\/v2\/pages\/577\/revisions"}],"predecessor-version":[{"id":579,"href":"https:\/\/www.cns-pl.eu\/index.php?rest_route=\/wp\/v2\/pages\/577\/revisions\/579"}],"wp:attachment":[{"href":"https:\/\/www.cns-pl.eu\/index.php?rest_route=%2Fwp%2Fv2%2Fmedia&parent=577"}],"curies":[{"name":"wp","href":"https:\/\/api.w.org\/{rel}","templated":true}]}}